
What is the ten thousands digit of 1905528344?
2
What is the units digit of 5917962080?
0
What is the ten millions digit of 43056095?
4
What is the ten millions digit of 119294734?
1
What is the units digit of 315931233?
3
What is the tens digit of 404144314?
1
What is the tens digit of 198418946?
4
What is the billions digit of 7839107940?
7
What is the thousands digit of 338836793?
6
What is the units digit of 540451083?
3
What is the hundred thousands digit of 1885253911?
2
What is the thousands digit of 24562495?
2
What is the hundreds digit of 1065041833?
8
What is the hundred millions digit of 546092592?
5
What is the ten thousands digit of 182395025?
9
What is the billions digit of 2454934183?
2
What is the hundred millions digit of 298856191?
2
What is the hundred millions digit of 7289588518?
2
What is the hundred millions digit of 217326567?
2
What is the hundred thousands digit of 298849940?
8
What is the hundreds digit of 88234266?
2
What is the millions digit of 967106265?
7
What is the hundred millions digit of 634145959?
6
What is the ten millions digit of 1111112079?
1
What is the thousands digit of 630349407?
9
What is the hundreds digit of 388727661?
6
What is the hundreds digit of 3492301274?
2
What is the hundreds digit of 254481629?
6
What is the ten millions digit of 117194689?
1
What is the millions digit of 3663695033?
3
What is the millions digit of 169970176?
9
What is the units digit of 591749530?
0
What is the thousands digit of 296242635?
2
What is the ten thousands digit of 238928445?
2
What is the thousands digit of 64798987?
8
What is the ten millions digit of 216674990?
1
What is the hundred thousands digit of 223639347?
6
What is the millions digit of 118797257?
8
What is the hundred thousands digit of 37287147?
2
What is the thousands digit of 134494103?
4
What is the hundreds digit of 564986050?
0
What is the ten thousands digit of 7583907450?
0
What is the tens digit of 2873629612?
1
What is the thousands digit of 94578527?
8
What is the tens digit of 138676377?
7
What is the hundred millions digit of 158761270?
1
What is the thousands digit of 732850767?
0
What is the hundreds digit of 2513440493?
4
What is the tens digit of 71674698?
9
What is the thousands digit of 120098768?
8
What is the hundred millions digit of 1589336618?
5
What is the hundreds digit of 28806748?
7
What is the units digit of 234037449?
9
What is the billions digit of 4104895314?
4
What is the hundreds digit of 71406833?
8
What is the hundreds digit of 272342812?
8
What is the ten millions digit of 2489282239?
8
What is the hundred millions digit of 236323696?
2
What is the units digit of 77725986?
6
What is the hundred thousands digit of 61347372?
3
What is the ten millions digit of 77014946?
7
What is the ten thousands digit of 29286720?
8
What is the hundred thousands digit of 5398863?
3
What is the units digit of 115115810?
0
What is the hundreds digit of 37001175?
1
What is the ten thousands digit of 127422601?
2
What is the units digit of 2831979242?
2
What is the ten millions digit of 8611182072?
1
What is the tens digit of 81818346?
4
What is the ten millions digit of 388123699?
8
What is the units digit of 194184699?
9
What is the ten thousands digit of 195278743?
7
What is the millions digit of 131896355?
1
What is the ten millions digit of 2108925437?
0
What is the ten millions digit of 17805856?
1
What is the ten millions digit of 1450245317?
5
What is the ten millions digit of 745471848?
4
What is the tens digit of 16616089?
8
What is the millions digit of 3529836575?
9
What is the ten thousands digit of 883555417?
5
What is the tens digit of 35756299?
9
What is the units digit of 233801117?
7
What is the thousands digit of 383862850?
2
What is the hundred thousands digit of 1128457909?
4
What is the units digit of 354401280?
0
What is the hundreds digit of 25557541?
5
What is the units digit of 79182505?
5
What is the tens digit of 37645431?
3
What is the units digit of 771075946?
6
What is the ten thousands digit of 129045060?
4
What is the hundred thousands digit of 854089806?
0
What is the millions digit of 106299220?
6
What is the tens digit of 213020640?
4
What is the ten millions digit of 56411988?
5
What is the tens digit of 5973226881?
8
What is the thousands digit of 666446050?
6
What is the hundred thousands digit of 1288072180?
0
What is the hundred thousands digit of 325823069?
8
What is the ten millions digit of 108429952?
0
What is the ten millions digit of 38969047?
3
What is the hundreds digit of 58863165?
1
What is the tens digit of 34427786?
8
What is the hundred millions digit of 160791329?
1
What is the ten thousands digit of 85092093?
9
What is the ten millions digit of 826374863?
2
What is the ten millions digit of 12140828?
1
What is the hundred thousands digit of 229234738?
2
What is the tens digit of 45875937?
3
What is the ten thousands digit of 999383592?
8
What is the billions digit of 2787550436?
2
What is the hundred millions digit of 3219958127?
2
What is the ten millions digit of 2818027498?
1
What is the tens digit of 452053180?
8
What is the ten millions digit of 873305006?
7
What is the ten thousands digit of 81971905?
7
What is the hundred thousands digit of 533341068?
3
What is the hundreds digit of 174963831?
8
What is the hundreds digit of 302225371?
3
What is the tens digit of 1930458593?
9
What is the hundreds digit of 65052590?
5
What is the ten millions digit of 86784072?
8
What is the tens digit of 59896323?
2
What is the hundreds digit of 134669069?
0
What is the hundred thousands digit of 172711757?
7
What is the units digit of 13955860?
0
What is the tens digit of 48801734?
3
What is the ten thousands digit of 2634158460?
5
What is the hundred thousands digit of 812670744?
6
What is the millions digit of 965779833?
5
What is the thousands digit of 9077247?
7
What is the tens digit of 431464612?
1
What is the hundred thousands digit of 414131351?
1
What is the hundred thousands digit of 19873352?
8
What is the ten millions digit of 709517824?
0
What is the ten millions digit of 3308509731?
0
What is the millions digit of 4067287884?
7
What is the tens digit of 12897566?
6
What is the billions digit of 5732909652?
5
What is the units digit of 1043740162?
2
What is the units digit of 55462166?
6
What is the hundred thousands digit of 221106958?
1
What is the thousands digit of 19305558?
5
What is the hundred thousands digit of 151288200?
2
What is the thousands digit of 583074288?
4
What is the units digit of 54118601?
1
What is the units digit of 433715282?
2
What is the hundreds digit of 279522492?
4
What is the hundreds digit of 43587437?
4
What is the hundreds digit of 9314342?
3
What is the ten millions digit of 25609349?
2
What is the thousands digit of 821857312?
7
What is the thousands digit of 29520635?
0
What is the tens digit of 83136812?
1
What is the hundred thousands digit of 337959860?
9
What is the units digit of 74895756?
6
What is the thousands digit of 1981197285?
7
What is the thousands digit of 142387177?
7
What is the millions digit of 76372354?
6
What is the thousands digit of 98292314?
2
What is the hundred millions digit of 2065294852?
0
What is the ten thousands digit of 1708746268?
4
What is the hundred thousands digit of 102643271?
6
What is the ten millions digit of 444483876?
4
What is the millions digit of 91453699?
1
What is the ten thousands digit of 68345784?
4
What is the units digit of 56939489?
9
What is the ten millions digit of 248692540?
4
What is the tens digit of 895140941?
4
What is the hundreds digit of 1459066977?
9
What is the hundred thousands digit of 367850339?
8
What is the ten millions digit of 682301654?
8
What is the ten thousands digit of 854465167?
6
What is the hundred millions digit of 305778703?
3
What is the ten thousands digit of 110717922?
1
What is the hundred millions digit of 2166431831?
1
What is the ten thousands digit of 325971002?
7
What is the thousands digit of 4001748769?
8
What is the thousands digit of 2337804219?
4
What is the hundred thousands digit of 2535115575?
1
What is the units digit of 3553267930?
0
What is the hundreds digit of 2537553866?
8
What is the millions digit of 256243171?
6
What 